pose 11*c - 114 = 9*c. Suppose -3*j = -a + 6*a - c, a - 16 = 4*j. Suppose -96 - 134 = -5*z. Calculate the remainder when z is divided by a.
10
Let n = 124 + -37. Let k = n - 35. Suppose 16*d - 15*d - 31 = -4*b, 2*d + 5*b - 59 = 0. Calculate the remainder when k is divided by d.
25
Suppose -5*j + 10 = 2*r, r - 10 = -2*r - 5*j. Let x = 4 + r. Let k = 7 + x. What is the remainder when 20 is divided by k?
9
Suppose 9*g - 4310 = -3653. Calculate the remainder when g is divided by 12.
1
Suppose -296*r - 741 = -309*r. What is the remainder when r is divided by 19?
0
Let q = 109 + -117. Let x(y) = -8*y - 44. Suppose -s + 8 = -29. Calculate the remainder when s is divided by x(q).
17
Let l(k) = -53*k - 8. Suppose 3*s = -9*s - 60. What is the remainder when l(s) is divided by 65?
62
Let y(z) = 11*z**3 - 2*z**2 + 3*z - 1. Suppose 1 + 5 = 3*q. Let s = 78 + -56. Calculate the remainder when y(q) is divided by s.
19
Suppose -q + 32 = 3*q - 4*r, 0 = -3*q + 4*r + 29. Suppose q*t + 2*t + 4*k - 95 = 0, -4*t = 3*k - 75. Calculate the remainder when t is divided by 6.
3
Let b = 853 - 793. What is the remainder when b is divided by 42?
18
Let b(f) = -14*f - 170. What is the remainder when b(-36) is divided by 13?
9
Let u(m) = m**2 - 18*m + 25. Suppose -3 - 3 = 3*l. Let z(s) = s**2 - 3*s - 3. What is the remainder when u(18) is divided by z(l)?
4
Suppose 0 = -d + 5*u + 347, 7*u - 706 = -2*d + 5*u. What is the remainder when d is divided by 89?
85
Calculate the remainder when (-7 - -6)*(-1 + 1836/(-3)) is divided by 56.
53
Let m(r) = -6*r + 0*r - 2*r + 0*r - 41. What is the remainder when 123 is divided by m(-9)?
30
Let z(d) = -d + 10. Let f be z(10). Let r = 15 + f. What is the remainder when 42 is divided by r?
12
Suppose 2*t + 4*l = -14, 5*t = -5*l - 18 + 3. Calculate the remainder when (-1 - t)*118/(-4) is divided by 214/14 - 4/14.
14
Suppose 118 = 625*r - 623*r. What is the remainder when r is divided by 17?
8
Let i = -7 - -16. Let f = 120 - 81. Let z = f - 24. What is the remainder when z is divided by i?
6
Let v(u) = 0*u - 10*u + 0*u - 5 - u. Let s(c) = -c. Let x(n) = 2*s(n) + v(n). Calculate the remainder when x(-4) is divided by 17.
13
Let o(j) = j**2 - 2*j + 4. Let p(w) be the third derivative of 3*w**5/20 - w**4/6 - 7*w**3/6 + w**2. Calculate the remainder when p(-2) is divided by o(-3).
18
Let l(t) = 5*t**2 + 3*t + 2. Calculate the remainder when 26 is divided by l(-2).
10
Suppose -27 = -3*h - 5*y, 2*h + 3*y - 22 = y. What is the remainder when 92 is divided by h?
8
Let q(f) = f. Let c be (2/(-3))/(4/(-12)). Calculate the remainder when (c + -3)*(0 + -17) is divided by q(4).
1
Let s(p) = -p**2 - 23*p + 691. What is the remainder when s(-39) is divided by 5?
2
Calculate the remainder when (-1 + 23)*(-13)/(-2) is divided by 72.
71
Suppose -64 = -0*m + 2*m. Let b be 5 + (5 - (-315)/25)*-5. Let p = m - b. What is the remainder when p is divided by 27?
24
Suppose -g = 5*y - 121, 0*g - 1 = -g. Let w = y + -19. What is the remainder when 24 is divided by w?
4
Let j(z) = 8*z - 22. Let w be j(7). Suppose 5*u + r - 12 = 0, -u - 4*r + 6 = -2*r. Suppose 3*i - w = u*i. Calculate the remainder when 133 is divided by i.
31
Let w(x) = -x**2 - 6*x + 9. Let m be w(-8). Let h = 16 + m. Suppose j - h = -l + 2*j, -2*j + 10 = 0. Calculate the remainder when 40 is divided by l.
12
Let t = 22 - -10. Calculate the remainder when (5 - 36)/((-10)/20) is divided by t.
30
Suppose 759 = 6*x + 285. What is the remainder when 946 is divided by x?
77
Suppose -1682 = -29*h + 783. What is the remainder when 339 is divided by h?
84
Let h = -306 + 380. Calculate the remainder when h is divided by 28.
18
Let k(u) = -19*u - 574. What is the remainder when 158 is divided by k(-32)?
22
Suppose 4*h = v - 22, 3*h = 3*v - 0*v - 21. What is the remainder when (-12)/(-18)*(81/6 - 0) is divided by v?
1
Let b = 427 - 394. What is the remainder when 125 is divided by b?
26
Let o = -2486 + 2559. What is the remainder when o is divided by 44?
29
Let i = -156 - -276. What is the remainder when ((-54)/(-45))/(2/i) is divided by 15?
12
Suppose 8*l + 12 - 116 = 0. What is the remainder when 63 is divided by l?
11
Let o(h) = -2*h**3 - 3*h**2 - h + 1. Let k be o(-3). Let f = k + -7. Let d = -169 - -264. Calculate the remainder when d is divided by f.
23
What is the remainder when 40 is divided by (8 + (-104)/16)*(-100)/(-6)?
15
Let n(l) = -l**2 - 15*l - 39. Suppose c - 43 = 4*a, -2*c + 3*c + 3*a - 15 = 0. Calculate the remainder when c is divided by n(-4).
2
Suppose -8*z = -20*z + 240. Calculate the remainder when 175 is divided by z.
15
Suppose -22 + 6 = -g. Let n = 1819 - 1816. Calculate the remainder when g is divided by n.
1
Let o be ((-15)/20)/((-1)/136). Suppose -6 = 6*q - o. Calculate the remainder when 31 is divided by q.
15
Let k(w) = -17*w**3 - 8*w**2 - 13*w - 2. Calculate the remainder when 155/4 - (-2)/8 is divided by k(-1).
19
Suppose -5*j - 2 = 4*y, 0 = -5*y - 2*j - 3 - 8. Let x be (4 + (-1 - 4))*y. What is the remainder when 42 is divided by x + -2 + 20 + 1?
20
Suppose 11*a = -14*a + 2000. What is the remainder when a is divided by 71?
9
Suppose -4*r + 24 = -r. Suppose 13*g = r*g. Suppose 0 = b + 2*w - 19, -4*w + g*w - 28 = -4*b. What is the remainder when 31 is divided by b?
9
Let v(y) = -31*y**2 + 195*y + 10. Calculate the remainder when 574 is divided by v(6).
62
Suppose -12*z = -7*z - 635. Suppose b + 4*q - 8*q = 35, -5*b + 4*q + z = 0. Calculate the remainder when b is divided by 8.
7
Suppose -203*k + 177*k = -1222. What is the remainder when 98 is divided by k?
4
Let b = 18 - 5. Let i = -12 + 18. Calculate the remainder when b is divided by 5 + -3 - 4/((-8)/i).
3
Let z(v) = -v + 129. Calculate the remainder when z(9) is divided by 50.
20
Suppose -26 = -5*v - 1. Suppose -4*f - 192 - 96 = -4*k, v*k - 3*f - 362 = 0. What is the remainder when k is divided by 25?
23
Let y = -20 - -32. Let f(j) be the third derivative of -j**4/8 - j**3/2 - 3*j**2. Calculate the remainder when f(-12) is divided by y.
9
Suppose -5*a - 6 = -11. Calculate the remainder when a/((-18)/(-34) - (-6)/(-12)) is divided by 12.
10
Suppose -9*h - 18 = -0. Let z(b) = -2*b**3 - b**2 + 2. Calculate the remainder when z(h) is divided by 10.
4
Let u be 3*(5/(-3) + 1)*-24. Suppose 2*a = -4*y + 44, -2*a - 2*y - 3*y + u = 0. What is the remainder when 53 is divided by a?
11
Suppose 2*r + 24 = 2*k, 8*r - 5*r - 29 = -2*k. What is the remainder when 155 is divided by k?
12
Suppose m = 45 + 1. Let x = -14478 - -14484. Calculate the remainder when m is divided by x.
4
Let l = 0 - -14. Let z be (2 + -2 - 1) + 5. Suppose 50 - l = z*v. Calculate the remainder when 16 is divided by v.
7
Suppose -36 + 376 = 20*j. Calculate the remainder when 47 is divided by j.
13
Suppose 70 = 6*r - 32. Suppose k + 3 = r. Calculate the remainder when 25 is divided by k.
11
Suppose 2*o + 790 = 3*x, -2*x + 5*o - 2*o = -520. Calculate the remainder when x is divided by 67.
65
Suppose -5*u + 33 = 48. What is the remainder when (12/(-5))/(u/15) is divided by 7?
5
Let p = -21 + 26. What is the remainder when (1/((-5)/82))/((-1)/p) is divided by 21?
19
Let u be (1 + -1)*(-6 - -5). Suppose -2*o = 4*h - 41 - 29, -3*h - 3*o + 51 = u. Let z = 27 + 24. Calculate the remainder when z is divided by h.
15
Suppose -3*h + 4*h + 2*a + 25 = 0, -5*h + 3*a = 151. Calculate the remainder when 126 is divided by (3 - (h + -3)) + -3.
30
Suppose 2 = -2*p + 6. Suppose 2*g + 0 = u - 1, -g + 10 = -4*u. What is the remainder when 54 is divided by 3 + ((-96)/u)/p?
16
Suppose 12 = 9*k - 15. What is the remainder when 19 is divided by k?
1
Suppose i = -2*i + 4*l + 16, 0 = -5*l - 5. Suppose -19*a = -35*a + 576. Suppose -i*p + a = -p. Calculate the remainder when 22 is divided by p.
10
Let f(o) = o**2 - 14*o - 48. Calculate the remainder when f(-4) is divided by 5.
4
Let n = 53 + -38. Let t = 2641 - 2608. What is the remainder when t is divided by n?
3
What is the remainder when ((-20)/(-4) + -4)/((-5)/(-95)) is divided by 12?
7
Suppose 23 = -5*s + 33. Let q(w) = -w**3 + w**2 + 2*w + 3. Calculate the remainder when q(0) is divided by s.
1
Let o = -33 + 32. Let v(i) = 47*i**2 + 1. Calculate the remainder when v(o) is divided by 19.
10
Suppose z = 2 - 13. Let y(b) = 2*b + 35. Calculate the